is the remainder when 13552127 is divided by 4290?
17
What is the remainder when 106243 is divided by 4098?
3793
What is the remainder when 29845 is divided by 1138?
257
Calculate the remainder when 11839058 is divided by 3946349.
11
What is the remainder when 85640 is divided by 42614?
412
Calculate the remainder when 225175 is divided by 75055.
10
What is the remainder when 84943901 is divided by 8?
5
Calculate the remainder when 578164 is divided by 192697.
73
What is the remainder when 2027303 is divided by 405458?
13
Calculate the remainder when 10171 is divided by 624.
187
Calculate the remainder when 16673942 is divided by 485.
127
What is the remainder when 177821 is divided by 139?
40
Calculate the remainder when 898882 is divided by 32101.
54
What is the remainder when 223621475 is divided by 9?
5
Calculate the remainder when 416806558 is divided by 138935517.
7
What is the remainder when 411563 is divided by 13275?
38
Calculate the remainder when 464853385 is divided by 649.
645
Calculate the remainder when 85383390 is divided by 3402.
3396
What is the remainder when 1400176 is divided by 10449?
10
What is the remainder when 34810203 is divided by 68524?
11
What is the remainder when 87967 is divided by 1736?
1167
What is the remainder when 8104 is divided by 986?
216
What is the remainder when 5570049 is divided by 63296?
1
Calculate the remainder when 1333091 is divided by 157.
4
What is the remainder when 18333875 is divided by 11?
10
Calculate the remainder when 32718969 is divided by 94020.
9
What is the remainder when 38331999 is divided by 74?
73
What is the remainder when 35189 is divided by 368?
229
What is the remainder when 1351531 is divided by 150163?
64
Calculate the remainder when 1507326 is divided by 7818.
6270
Calculate the remainder when 308673 is divided by 1560.
1353
Calculate the remainder when 214986 is divided by 19541.
35
What is the remainder when 270210 is divided by 2702?
10
What is the remainder when 7956578 is divided by 8870?
188
Calculate the remainder when 24027 is divided by 11624.
779
Calculate the remainder when 362520962 is divided by 14.
6
Calculate the remainder when 2032476 is divided by 373.
372
Calculate the remainder when 2027938 is divided by 6715.
8
What is the remainder when 94212 is divided by 47079?
54
Calculate the remainder when 889621901 is divided by 6712.
6709
Calculate the remainder when 5980876 is divided by 29318.
4
Calculate the remainder when 3681508 is divided by 117.
103
Calculate the remainder when 4740448 is divided by 526666.
454
What is the remainder when 78485 is divided by 1473?
416
What is the remainder when 1039395 is divided by 486?
327
What is the remainder when 513300 is divided by 14665?
25
What is the remainder when 248284 is divided by 62068?
12
What is the remainder when 1765958 is divided by 952?
950
What is the remainder when 342782 is divided by 2?
0
Calculate the remainder when 19050631 is divided by 7.
5
Calculate the remainder when 6003509 is divided by 433.
397
What is the remainder when 179521375 is divided by 20?
15
What is the remainder when 85596301 is divided by 606?
13
Calculate the remainder when 1700194 is divided by 667.
11
Calculate the remainder when 13373 is divided by 6278.
817
Calculate the remainder when 51738 is divided by 12900.
138
What is the remainder when 1111302263 is divided by 3819?
3815
What is the remainder when 234329 is divided by 579?
413
Calculate the remainder when 2986147 is divided by 82948.
19
What is the remainder when 169280 is divided by 6?
2
Calculate the remainder when 1776 is divided by 1313.
463
What is the remainder when 23716815 is divided by 590?
585
Calculate the remainder when 3326863 is divided by 32.
15
What is the remainder when 3596824 is divided by 394?
392
Calculate the remainder when 194165 is divided by 855.
80
What is the remainder when 3325423 is divided by 93?
22
Calculate the remainder when 911968 is divided by 1443.
1435
Calculate the remainder when 435975 is divided by 5016.
4599
Calculate the remainder when 45552099 is divided by 4986.
3
What is the remainder when 11376 is divided by 633?
615
Calculate the remainder when 34717 is divided by 16463.
1791
Calculate the remainder when 1958312 is divided by 98.
76
What is the remainder when 95595 is divided by 47797?
1
What is the remainder when 1111268 is divided by 2?
0
Calculate the remainder when 1061432 is divided by 390.
242
What is the remainder when 6028573 is divided by 92746?
83
Calculate the remainder when 144934 is divided by 3600.
934
Calculate the remainder when 60499087 is divided by 32.
15
Calculate the remainder when 38294716 is divided by 66.
64
What is the remainder when 400166 is divided by 1438?
402
What is the remainder when 4917543 is divided by 290?
13
Calculate the remainder when 39278 is divided by 6094.
2714
Calculate the remainder when 22069112 is divided by 2163.
23
What is the remainder when 347990813 is divided by 86997702?
5
What is the remainder when 1164010 is divided by 114?
70
What is the remainder when 305740 is divided by 305729?
11
Calculate the remainder when 177951 is divided by 2816.
543
Calculate the remainder when 418841646 is divided by 7979.
7978
Calculate the remainder when 562175955 is divided by 173.
172
Calculate the remainder when 35401003 is divided by 17.
16
Calculate the remainder when 72053156 is divided by 187.
186
What is the remainder when 4691233 is divided by 23?
15
Calculate the remainder when 82539 is divided by 3176.
3139
Calculate the remainder when 3874956 is divided by 25.
6
What is the remainder when 4956005 is divided by 24?
5
What is the remainder when 385860487 is divided by 483?
481
Calculate the remainder when 25335490 is divided by 4152.
4138
Calculate the remainder when 286909 is divided by 17906.
413
Calculate the remainder when 11492 is divided by 6071.
5421
What is the remainder when 2712665 is divided by 1999?
22
Calculate the remainder when 48925 is divided by 23401.
2123
Calculate the remainder when 24212 is divided by 735.
692
What is the remainder when 7807470 is divided by 996?
822
What is the remainder when 385694 is divided by 77114?
124
Calculate the remainder when 3808932 is divided by 634639.
1098
Calculate the remainder when 262122 is divided by 37433.
91
What is the remainder when 87468 is divided by 6708?
264
Calculate the remainder when 2603895 is divided by 86796.
15
What is the remainder when 951068 is divided by 126?
20
What is the remainder when 695372 is divided by 12?
8
Calculate the remainder when 107794776 is divided by 5133084.
12
What is the remainder when 7100402 is divided by 814?
694
What is the remainder when 1356235 is divided by 572?
23
What is the remainder when 104265 is divided by 14720?
1225
Calculate the remainder when 2363334 is divided by 3687.
3654
Calculate the remainder when 150667 is divided by 74985.
697
What is the remainder when 90103894 is divided by 45051927?
40
What is the remainder when 792563 is divided by 134?
87
Calculate the remainder when 518851 is divided by 7551.
5383
Calculate the remainder when 10232129 is divided by 1492.
1485
What is the remainder when 13045355 is divided by 1133?
1126
What is the remainder when 1416285 is divided by 353954?
469
Calculate the remainder when 750808 is divided by 1823.
1555
What is the remainder when 3074500 is divided by 430?
0
What is the remainder when 102327 is divided by 3963?
3252
What is the remainder when 125886 is divided by 23311?
9331
What is the remainder when 26355 is divided by 2367?
318
What is the remainder when 1100965 is divided by 3033?
3019
Calculate the remainder when 125056 is divided by 24982.
146
What is the remainder when 26284585 is divided by 345849?
61
What is the remainder when 713531 is divided by 89189?
19
Calculate the remainder when 206691 is divided by 68211.
2058
What is the remainder when 16461100 is divided by 50?
0
What is the remainder when 5246941 is divided by 39?
37
What is the remainder when 6046614 is divided by 3085?
14
Calculate the remainder when 818899737 is divided by 129.
126
What is the remainder when 3927281 is divided by 380?
361
Calculate the remainder when 29295 is divided by 9571.
582
Calculate the remainder when 47600 is